Let a be t(-4). Calculate the greatest common divisor of a and 66.
22
Suppose 3*u = -5*d + 2, 2*d + 4*u - 6 = 6. Let t(y) = 12*y + 15*y + 12*y + 7*y**2 - 38*y. Let l be t(d). Calculate the greatest common divisor of 39 and l.
13
Suppose 8*n = 246 + 434. Suppose 2*o - 5 = 13. Suppose -b + c = -39, -4*c - c + o = b. What is the highest common factor of b and n?
17
Suppose 2*m - 4 = m. Suppose -f - 14 = -m*n - 40, 68 = 4*f - 4*n. What is the greatest common divisor of 126 and f?
14
Let d(x) be the second derivative of x**5/20 + 29*x**4/12 - x**3/3 - 15*x**2 - 89*x. Let w be d(-29). Calculate the greatest common factor of w and 8.
4
Suppose 1 = 4*b - 3. Let c be 19 + -4 - (b + -3). Let s = 75 + c. Calculate the greatest common divisor of 46 and s.
46
Let m = -78 + 80. Let f be -1*(-7 + 5 + -4 + m). Suppose 10*x + f = 14. What is the highest common factor of x and 5?
1
Let j be 95/(-2)*138/(-115). Suppose 4*v + j = x, -x - x - 5*v = -140. Suppose -20*s + x = -15*s. What is the greatest common divisor of s and 143?
13
Suppose -4*f - 133*o + 975 = -134*o, 0 = -5*f - 5*o + 1250. Calculate the highest common factor of f and 679.
7
Let j(m) = 3*m - 150. Let d be j(51). Suppose 5*z - d*z = 18. What is the greatest common factor of z and 15?
3
Suppose -4*t = -66*t + 15*t + 13536. Calculate the highest common factor of t and 99.
9
Let u = -2 - -6. Let c(l) = -l**2 + 5*l + 4. Let n be c(u). Let p be (16/(-18))/(-37 + 23282/630). What is the highest common divisor of n and p?
4
Let b be 1/(-2)*(4 - (-22 + 90)). Let u = 368 - 256. Calculate the highest common factor of u and b.
16
Let z(n) be the third derivative of -n**4/24 + 8*n**3/3 - 4*n**2 + 1. Let i be z(14). What is the greatest common factor of 2 and i?
2
Suppose -32*f + 35*f + 4*c = 1859, 4*c + 625 = f. What is the greatest common factor of 138 and f?
69
Suppose 2*s + 71 = b, 0 = 99*b - 104*b - 5*s + 295. Calculate the greatest common divisor of 558 and b.
9
Let i(f) = -f**2 + 14. Let j be i(0). Suppose 37*p = 77*p + 183*p - 15610. What is the highest common divisor of p and j?
14
Let b = 468 - 550. Let o be (-3)/((-45)/10 - -3) - b. Calculate the greatest common factor of o and 231.
21
Let l be 116/(5 - (-2145)/(-435)). Calculate the greatest common divisor of 116 and l.
58
Suppose 22 = 2*h - 4*x - 22, -3*x = -3*h + 63. Let l = -12 + h. Let c be (-44)/264 - (-194)/12. What is the greatest common divisor of c and l?
8
Let c(p) = -p**2 + 37*p + 87. Let j be c(30). What is the highest common factor of 66 and j?
33
Suppose -56*o = -92698 - 58390. Calculate the highest common divisor of 71 and o.
71
Let w(s) = s**3 + 12. Let y be w(0). Let c = 137643 - 137469. Calculate the highest common factor of c and y.
6
Let j = 4653 + -4212. Calculate the highest common factor of j and 1449.
63
Suppose -1596 = -67*v + 62*v + 3*z, 3*v = -3*z + 924. Calculate the greatest common divisor of 2730 and v.
105
Let b be 7 - 19/((-95)/2150). What is the greatest common factor of b and 46?
23
Let d = 17 + -6. Let n be (-2)/(-4) - (-105)/42. Suppose 0*k = y + n*k - 50, 2*k = 3*y - 128. Calculate the greatest common divisor of d and y.
11
Let g(v) = 25*v - 33. Let p be g(6). Let m(w) = 3*w + 34. Let j be m(-7). What is the highest common factor of j and p?
13
Let s be (-9)/(-10 + (-20964)/(-2100)). What is the highest common factor of 42 and s?
21
Let g = -1624 - -1668. Calculate the highest common factor of g and 188.
4
Let s = 81 - 66. Let r = 87 + -60. Let c be r - (-2 + -3 + 2). What is the highest common factor of c and s?
15
Let r(y) = -y - 5. Let k be r(-6). Suppose -2*z + 3 + 2 = -b, -z - b - 2 = 0. What is the greatest common divisor of z and k?
1
Suppose -b + 10 = 2*y, 0*y - 10 = -2*b + y. Suppose -4*j = a - 20, -4*a = b*j - 5*j - 35. What is the highest common divisor of 72 and a?
8
Suppose 2*x + 0*x + 164 = p, -5*p + 796 = 2*x. Suppose -6*f + f = p. Let v = f + 52. Calculate the highest common divisor of v and 8.
4
Suppose -2*d - 2*p = -202 - 228, 2*d - 437 = 5*p. Calculate the highest common factor of d and 96.
24
Let a(q) = -50*q - 33. Let j be a(-3). Let k be 2128/18 + 0 - 26/j. Calculate the highest common factor of k and 177.
59
Let t(h) = -h**3 + 14*h**2 - 26*h + 26. Let c be t(12). Let o(i) = 3*i - 1 + 37 - 5*i - c. Let d be o(12). Calculate the highest common factor of 40 and d.
10
Suppose -16*f + 662 - 22 = 0. Calculate the greatest common divisor of 6260 and f.
20
Let g = -71820 + 122380. Calculate the greatest common divisor of g and 320.
320
Let i(v) = v**2 + 8*v + 7. Let d be i(-6). Let o(f) = 17 + 1 + 1 + 5 - 12*f. Let y be o(d). What is the highest common factor of 12 and y?
12
Let q be (-1)/(6/10 + 21476/(-35735)). Let t = -671 + q. What is the highest common divisor of t and 50?
50
Let s be (1 + -33)/((-6)/102). Suppose 0 = 5*h - 896 - s. Let r be (-3)/(572/h + -2). What is the greatest common factor of r and 27?
27
Suppose 36 = 5*w + 4*m, -w + 4*m = -5 - 7. Suppose -1639 - 825 = -56*n. What is the greatest common divisor of w and n?
4
Let o(g) = -g**2 - 11*g + 1. Let r(w) = -4*w**2 + 4*w - 3. Let d be r(2). Let z be o(d). What is the greatest common factor of 1 and z?
1
Let h = 2129 + -2100. What is the greatest common factor of 1247 and h?
29
Let g = 1211 - 1163. Calculate the highest common factor of g and 10152.
24
Let a(w) = -w**3 + 28*w**2 - 34*w - 66. Let j be a(24). What is the greatest common divisor of 18 and j?
18
Suppose 41*f - d = 40*f + 299, -911 = -3*f + d. Calculate the greatest common factor of 414 and f.
18
Let v be (-140)/(-14) - 27 - -53. Calculate the highest common factor of v and 13212.
36
Let o(w) be the first derivative of w**4/4 - 6*w**3 + 4*w**2 + 40*w + 55. Let x be o(18). What is the greatest common factor of 69 and x?
23
Let g(p) = p**2 - 5*p + 18. Let b(z) = z + 11. Let o be b(-4). Let j be g(o). What is the greatest common divisor of 4 and j?
4
Let q be 7 + -6 + -1 - (-6)/1. Let m(n) = n**3 + 12*n**2 - n - 10. Let u be m(-10). Suppose q*h = h + u. Calculate the highest common factor of 10 and h.
10
Let t = -176 + -395. Let y = -391 - t. Let d be (10/3)/((8/y)/1). What is the greatest common factor of d and 25?
25
Let z(g) = g**2. Let x(q) = -2*q + 9*q + 2*q - 9 + q. Let r(i) = -x(i) + z(i). Let y be r(-13). Calculate the highest common divisor of 44 and y.
44
Let a = -52 - -147. Suppose 92*y - a*y = -135. What is the greatest common factor of 153 and y?
9
Let c = -7041 + 7059. Suppose -3*k - m = -5*k + 94, 3*m = 2*k - 90. What is the greatest common factor of k and c?
6
Let l = 130 - -50. Suppose 165 = 185*u - l*u. What is the greatest common divisor of u and 55?
11
Suppose -73*t + 68*t + 3*j + 12123 = 0, 3*j + 3 = 0. Calculate the greatest common factor of t and 303.
303
Suppose -3*s + l + 5417 + 28540 = 0, -3*l = 4*s - 45289. Calculate the greatest common divisor of 32 and s.
8
Suppose -219*x = -224*x + 300. Let f be 51 - ((-172)/x - (-2)/(-15)). Calculate the greatest common divisor of f and 30.
6
Suppose -5*b + 2*b = a - 428, -3*b + 2*a + 422 = 0. Calculate the greatest common factor of 10 and b.
2
Let a = 806 + -794. Let n = 30 - a. Suppose -4*y = -3*y - 5*j - 187, 3*j = -y + 147. What is the greatest common factor of y and n?
18
Let u = -1857 + 4839. Calculate the highest common factor of u and 12.
6
Let r be (7 - 3) + 27 - -1. Suppose -12 + 396 = r*f. What is the highest common factor of f and 228?
12
Let o be (77*(-5)/20)/(1/(-12)). Let l = o + -227. Let y(v) = 2*v**2 + 9*v - 7. Let t be y(-7). Calculate the greatest common factor of t and l.
4
Let c be -5*(-6)/45 + (-21)/(-9). Suppose 0*f = c*f - 156. What is the greatest common divisor of 8 and f?
4
Let m(n) = -100*n**3 + 2*n**2 + n - 1. Suppose -383*y = -378*y + 5. Let z be m(y). What is the greatest common factor of z and 80?
20
Suppose 0 = -15*y + 40 - 10. Let u be 12 - -5*2/y. What is the highest common divisor of u and 85?
17
Suppose 3*w + 4*w - 35 = 0. Suppose 3*z - 3*s = 99, -3*s + 8 = -w*s. Let c be (-15)/3 - 0 - -266. What is the greatest common divisor of z and c?
29
Let v(w) = -21*w**3 - 2*w**2 - 108*w - 457. Let a be v(-4). What is the greatest common factor of a and 91?
13
Let l = 112 + -76. Let x = 1339 + -1177. Calculate the greatest common factor of x and l.
18
Suppose -23104 = 41*i - 4